{"id":2061,"date":"2020-10-14T13:28:52","date_gmt":"2020-10-14T11:28:52","guid":{"rendered":"https:\/\/web.workseed.fi\/?page_id=2061"},"modified":"2025-06-12T12:04:17","modified_gmt":"2025-06-12T10:04:17","slug":"saavutettavuusseloste","status":"publish","type":"page","link":"https:\/\/web.workseed.fi\/fi\/saavutettavuusseloste\/","title":{"rendered":"Saavutettavuusseloste"},"content":{"rendered":"\t\t<div data-elementor-type=\"wp-page\" data-elementor-id=\"2061\" class=\"elementor elementor-2061\" data-elementor-post-type=\"page\">\n\t\t\t\t\t\t<section data-particle_enable=\"false\" data-particle-mobile-disabled=\"false\" class=\"elementor-section elementor-top-section elementor-element elementor-element-4658938 elementor-section-boxed elementor-section-height-default elementor-section-height-default\" data-id=\"4658938\" data-element_type=\"section\">\n\t\t\t\t\t\t<div class=\"elementor-container elementor-column-gap-default\">\n\t\t\t\t\t<div class=\"elementor-column elementor-col-100 elementor-top-column elementor-element elementor-element-c17098c\" data-id=\"c17098c\" data-element_type=\"column\">\n\t\t\t<div class=\"elementor-widget-wrap elementor-element-populated\">\n\t\t\t\t\t\t<div class=\"elementor-element elementor-element-327a8cf elementor-widget elementor-widget-spacer\" data-id=\"327a8cf\" data-element_type=\"widget\" data-widget_type=\"spacer.default\">\n\t\t\t\t<div class=\"elementor-widget-container\">\n\t\t\t\t\t\t\t<div class=\"elementor-spacer\">\n\t\t\t<div class=\"elementor-spacer-inner\"><\/div>\n\t\t<\/div>\n\t\t\t\t\t\t<\/div>\n\t\t\t\t<\/div>\n\t\t\t\t<div class=\"elementor-element elementor-element-546513a elementor-widget__width-initial elementor-widget elementor-widget-heading\" data-id=\"546513a\" data-element_type=\"widget\" data-widget_type=\"heading.default\">\n\t\t\t\t<div class=\"elementor-widget-container\">\n\t\t\t\t\t<h3 class=\"elementor-heading-title elementor-size-default\"><h1>Workseed saavutettavuusseloste<\/h1><\/h3>\t\t\t\t<\/div>\n\t\t\t\t<\/div>\n\t\t\t\t\t<\/div>\n\t\t<\/div>\n\t\t\t\t\t<\/div>\n\t\t<\/section>\n\t\t\t\t<section data-particle_enable=\"false\" data-particle-mobile-disabled=\"false\" class=\"elementor-section elementor-top-section elementor-element elementor-element-b47cb6c elementor-section-boxed elementor-section-height-default elementor-section-height-default\" data-id=\"b47cb6c\" data-element_type=\"section\">\n\t\t\t\t\t\t<div class=\"elementor-container elementor-column-gap-default\">\n\t\t\t\t\t<div class=\"elementor-column elementor-col-100 elementor-top-column elementor-element elementor-element-fa53b69\" data-id=\"fa53b69\" data-element_type=\"column\">\n\t\t\t<div class=\"elementor-widget-wrap elementor-element-populated\">\n\t\t\t\t\t\t<div class=\"elementor-element elementor-element-66105a5 elementor-widget__width-initial elementor-widget elementor-widget-text-editor\" data-id=\"66105a5\" data-element_type=\"widget\" data-widget_type=\"text-editor.default\">\n\t\t\t\t<div class=\"elementor-widget-container\">\n\t\t\t\t\t\t\t\t\t<header><p><span style=\"color: #000000\"><span style=\"font-size: 16px\">T\u00e4m\u00e4 saavutettavuusseloste koskee Workseed Oy:n tuottamaa pilvipalvelua ja on p\u00e4ivitetty 21.2.2025. Palvelua koskee laki digitaalisten palvelujen tarjoamisesta, jossa edellytet\u00e4\u00e4n, ett\u00e4 julkisten verkkopalvelujen on oltava saavutettavia. <\/span>Olemme arvioineet palvelun saavutettavuuden itse.<\/span><\/p><\/header><h4><span style=\"color: #000000\">Digipalvelun saavutettavuuden tila<\/span><\/h4><p><span style=\"color: #000000\">T\u00e4ytt\u00e4\u00e4 saavutettavuusvaatimukset osittain<\/span><\/p><section class=\"statement__section\"><h4><span style=\"color: #000000\">Ei-saavutettava sis\u00e4lt\u00f6<\/span><\/h4><section class=\"statement__inaccessible\"><span style=\"color: #000000\">Verkkosivusto ei ole viel\u00e4 kaikilta osin vaatimusten mukainen, ohessa on kuvattu ne kohdat joissa olemme tunnistaneet poikkeuksia saavutettavuusdirektiivin vaatimuksista.<br \/>\u00a0<\/span><\/section><section class=\"statement__inaccessible\"><ul class=\"flaws\"><li class=\"flaw\"><h5 class=\"flaw__title\"><span style=\"color: #000000\">Hallittava: Kohteiden koko.<\/span><\/h5><h5 class=\"flaw__subtitle\"><span style=\"color: #000000\">Saavuttamaton sis\u00e4lt\u00f6 ja sen puutteet<\/span><\/h5><p><span style=\"color: #000000\">Joissakin kohteissa erityisesti opettajan k\u00e4ytt\u00f6liittym\u00e4ss\u00e4, ovat valittavat kohteet kooltaan alle s\u00e4\u00e4dellyn 44&#215;44 pikseli\u00e4.<\/span><\/p><h6><span style=\"color: #000000\">Saavutettavuusvaatimukset jotka eiv\u00e4t t\u00e4yty<\/span><\/h6><ul class=\"flaw__wcag\"><li><span style=\"color: #000000\">2.5.5 Kohteen koko<\/span>\u00a0<\/li><\/ul><\/li><\/ul><\/section><\/section><section class=\"statement__section\"><p><span style=\"color: #000000\">Huomasitko saavutettavuuspuutteen digipalvelussamme? Kerro se meille ja teemme parhaamme puutteen korjaamiseksi<\/span><span style=\"color: #000000\">s\u00e4hk\u00f6postilla:<\/span><\/p><p><span style=\"color: #000000\">support@workseed.fi<\/span><\/p><\/section><section class=\"statement__section\"><h4><span style=\"color: #000000\">Valvontaviranomainen<\/span><\/h4><p><span style=\"color: #000000\">Jos huomaat sivustolla saavutettavuusongelmia, anna ensin palautetta meille eli sivuston yll\u00e4pit\u00e4j\u00e4lle. Vastauksessa voi menn\u00e4 14 p\u00e4iv\u00e4\u00e4. Jos et ole tyytyv\u00e4inen saamaasi vastaukseen tai et saa vastausta lainkaan kahden viikon aikana, voit tehd\u00e4 ilmoituksen Traficomiin. \u00a0<span class=\"screen-reader-text\">Avautuu<\/span><\/span><\/p><h4><span style=\"color: #000000\">Valvontaviranomaisen yhteystiedot<\/span><\/h4><p><strong>Liikenne- ja viestint\u00e4virasto Traficom<\/strong><br \/>PL 320, 00059 TRAFICOM<br \/>Puhelin: 029 534 5000<br \/>S\u00e4hk\u00f6posti:\u00a0saavutettavuus(at)traficom.fi<br \/>Verkkosivusto:\u00a0<a class=\"fui-Link ___w5et180 f2hkw1w f3rmtva f1ewtqcl fyind8e f1k6fduh f1w7gpdv f1mo0ibp fjoy568 ff5ikls f1s184ao f1mk8lai fnbmjn9 f1o700av f13mvf36 f1cmlufx f9n3di6 f1ids18y f1tx3yz7 f1deo86v f1eh06m1 f1iescvh fhgqx19 f1olyrje f1p93eir f1nev41a\" href=\"https:\/\/www.saavutettavuusvaatimukset.fi\/\" target=\"_blank\" rel=\"noopener\" data-tabster=\"{&quot;restorer&quot;:{&quot;type&quot;:1}}\">www.saavutettavuusvaatimukset.fi<\/a><\/p><\/section><section class=\"statement__section\"><h4><span style=\"color: #000000\">Olemme sitoutuneet digipalveluiden saavutettavuuden parantamiseen<\/span><\/h4><p><span style=\"color: #000000\">Ty\u00f6skentelemme ahkerasti kehitt\u00e4\u00e4ksemme palveluamme vastaamaan kaikkien k\u00e4ytt\u00e4jiemme tarpeita. Ensisijaisena tavoitteena on saada opiskelijoiden k\u00e4ytt\u00f6liittym\u00e4 vastaamaan kaikilta osin saavutettavuusvaatimuksia.\u00a0Tarjoamme toiminnot saavutettavuusvaatimukset t\u00e4ytt\u00e4vien sis\u00e4lt\u00f6jen tuotantoon, mutta emme vastaa k\u00e4ytt\u00e4jiemme tuottaman sis\u00e4ll\u00f6n saavutettavuusvaatimusten mukaisuudesta.<\/span><\/p><\/section>\t\t\t\t\t\t\t\t<\/div>\n\t\t\t\t<\/div>\n\t\t\t\t<div class=\"elementor-element elementor-element-5ebe24e elementor-widget elementor-widget-spacer\" data-id=\"5ebe24e\" data-element_type=\"widget\" data-widget_type=\"spacer.default\">\n\t\t\t\t<div class=\"elementor-widget-container\">\n\t\t\t\t\t\t\t<div class=\"elementor-spacer\">\n\t\t\t<div class=\"elementor-spacer-inner\"><\/div>\n\t\t<\/div>\n\t\t\t\t\t\t<\/div>\n\t\t\t\t<\/div>\n\t\t\t\t\t<\/div>\n\t\t<\/div>\n\t\t\t\t\t<\/div>\n\t\t<\/section>\n\t\t\t\t<\/div>\n\t\t","protected":false},"excerpt":{"rendered":"<p>Workseed saavutettavuusseloste T\u00e4m\u00e4 saavutettavuusseloste koskee Workseed Oy:n tuottamaa pilvipalvelua ja on p\u00e4ivitetty 21.2.2025. Palvelua koskee laki digitaalisten palvelujen tarjoamisesta, jossa edellytet\u00e4\u00e4n, ett\u00e4 julkisten verkkopalvelujen on oltava saavutettavia. Olemme arvioineet palvelun saavutettavuuden itse. Digipalvelun saavutettavuuden tila T\u00e4ytt\u00e4\u00e4 saavutettavuusvaatimukset osittain Ei-saavutettava sis\u00e4lt\u00f6 Verkkosivusto ei ole viel\u00e4 kaikilta osin vaatimusten mukainen, ohessa on kuvattu ne kohdat joissa olemme [&hellip;]<\/p>\n","protected":false},"author":1,"featured_media":0,"parent":0,"menu_order":0,"comment_status":"closed","ping_status":"closed","template":"","meta":{"content-type":"","site-sidebar-layout":"no-sidebar","site-content-layout":"page-builder","ast-site-content-layout":"default","site-content-style":"default","site-sidebar-style":"default","ast-global-header-display":"","ast-banner-title-visibility":"","ast-main-header-display":"","ast-hfb-above-header-display":"","ast-hfb-below-header-display":"","ast-hfb-mobile-header-display":"","site-post-title":"disabled","ast-breadcrumbs-content":"","ast-featured-img":"disabled","footer-sml-layout":"","theme-transparent-header-meta":"","adv-header-id-meta":"","stick-header-meta":"","header-above-stick-meta":"","header-main-stick-meta":"","header-below-stick-meta":"","astra-migrate-meta-layouts":"default","ast-page-background-enabled":"default","ast-page-background-meta":{"desktop":{"background-color":"","background-image":"","background-repeat":"repeat","background-position":"center center","background-size":"auto","background-attachment":"scroll","background-type":"","background-media":"","overlay-type":"","overlay-color":"","overlay-opacity":"","overlay-gradient":""},"tablet":{"background-color":"","background-image":"","background-repeat":"repeat","background-position":"center center","background-size":"auto","background-attachment":"scroll","background-type":"","background-media":"","overlay-type":"","overlay-color":"","overlay-opacity":"","overlay-gradient":""},"mobile":{"background-color":"","background-image":"","background-repeat":"repeat","background-position":"center center","background-size":"auto","background-attachment":"scroll","background-type":"","background-media":"","overlay-type":"","overlay-color":"","overlay-opacity":"","overlay-gradient":""}},"ast-content-background-meta":{"desktop":{"background-color":"var(--ast-global-color-5)","background-image":"","background-repeat":"repeat","background-position":"center center","background-size":"auto","background-attachment":"scroll","background-type":"","background-media":"","overlay-type":"","overlay-color":"","overlay-opacity":"","overlay-gradient":""},"tablet":{"background-color":"var(--ast-global-color-5)","background-image":"","background-repeat":"repeat","background-position":"center center","background-size":"auto","background-attachment":"scroll","background-type":"","background-media":"","overlay-type":"","overlay-color":"","overlay-opacity":"","overlay-gradient":""},"mobile":{"background-color":"var(--ast-global-color-5)","background-image":"","background-repeat":"repeat","background-position":"center center","background-size":"auto","background-attachment":"scroll","background-type":"","background-media":"","overlay-type":"","overlay-color":"","overlay-opacity":"","overlay-gradient":""}},"footnotes":""},"class_list":["post-2061","page","type-page","status-publish","hentry"],"_links":{"self":[{"href":"https:\/\/web.workseed.fi\/wp-json\/wp\/v2\/pages\/2061","targetHints":{"allow":["GET"]}}],"collection":[{"href":"https:\/\/web.workseed.fi\/wp-json\/wp\/v2\/pages"}],"about":[{"href":"https:\/\/web.workseed.fi\/wp-json\/wp\/v2\/types\/page"}],"author":[{"embeddable":true,"href":"https:\/\/web.workseed.fi\/wp-json\/wp\/v2\/users\/1"}],"replies":[{"embeddable":true,"href":"https:\/\/web.workseed.fi\/wp-json\/wp\/v2\/comments?post=2061"}],"version-history":[{"count":34,"href":"https:\/\/web.workseed.fi\/wp-json\/wp\/v2\/pages\/2061\/revisions"}],"predecessor-version":[{"id":19250,"href":"https:\/\/web.workseed.fi\/wp-json\/wp\/v2\/pages\/2061\/revisions\/19250"}],"wp:attachment":[{"href":"https:\/\/web.workseed.fi\/wp-json\/wp\/v2\/media?parent=2061"}],"curies":[{"name":"wp","href":"https:\/\/api.w.org\/{rel}","templated":true}]}}
